{"id":67,"date":"2012-06-11T16:50:36","date_gmt":"2012-06-11T16:50:36","guid":{"rendered":"http:\/\/sv-niederoefflingen.de\/?page_id=67"},"modified":"2016-01-08T18:31:12","modified_gmt":"2016-01-08T17:31:12","slug":"jsg","status":"publish","type":"page","link":"http:\/\/sv-niederoefflingen.de\/?page_id=67","title":{"rendered":"JFV"},"content":{"rendered":"\n<!-- Facebook Like Button v1.9.6 BEGIN [http:\/\/blog.bottomlessinc.com] -->\n<iframe src=\"http:\/\/www.facebook.com\/plugins\/like.php?href=http%3A%2F%2Fsv-niederoefflingen.de%2F%3Fpage_id%3D67&amp;layout=button_count&amp;show_faces=false&amp;width=450&amp;action=like&amp;colorscheme=light\" scrolling=\"no\" frameborder=\"0\" allowTransparency=\"true\" style=\"border:none; overflow:hidden; width:450px; height: 30px; align: left; margin: 3px 2px 3px 2px\"><\/iframe>\n<!-- Facebook Like Button END -->\n<p><strong><span style=\"text-decoration: underline;\"><span style=\"color: #000000; text-decoration: underline;\">Aus JSG wird JFV!!!<\/span><\/span><\/strong><\/p>\n<p><span style=\"color: #000000;\"><strong>Die Kooperation zwischen Steiningen und Meerfeld<\/strong><\/span><\/p>\n<p><span style=\"color: #000000;\">Gut zwei Jahreist es her, als die beiden Jugend-Spielgemeinschaften Steiningen und Meerfeld den Entschluss gefa\u00dft haben, zu kooperieren. Ziel war es, damit die Basis f\u00fcr eine langfristige Zusammenarbeit zu schaffen.<\/span><\/p>\n<p><span style=\"color: #000000;\">So wurde die <strong>JSG Vulkaneifel<\/strong> gegr\u00fcndet.<\/span><\/p>\n<p><span style=\"color: #000000;\">Zukunftsorientiert sollte so allen jugendlichen Fu\u00dfballern der Altersklassen <strong>A- bis D-Junioren <\/strong>(11 bis 18 Jahre) dauerhaft die M\u00f6glichkeit geboten werden, entsprechend ihren Ambitionen, ihrem Talent und ihrer Leistungsbereitschaft, Fu\u00dfball innerhalb der Infrastruktur der kooperierenden Vereine zu spielen.\u00a0Damit verbunden war und ist der Gedanke, sowohl erfolgsorientierte Leistungsmannschaften in \u00fcber-kreislichen Klassen langfristig im Bereich Vulkaneifel zu etablieren, als auch gleichzeitig in weiteren Mannschaften noch entwicklungsf\u00e4higen, aber genauso engagierten Jugendlichen, Spiel- und Wettkampfm\u00f6glichkeiten zu er\u00f6ffnen, nach dem Motto:<\/span><\/p>\n<p><span style=\"color: #000000;\"><strong>Starke Spieler fordern, schw\u00e4chere Spieler f\u00f6rdern !!!<\/strong><\/span><\/p>\n<p><span style=\"color: #000000;\">Durch Schaffung optimaler Trainingsbedingungen sollte die fu\u00dfballerische, physische und pers\u00f6nliche Entwicklung der Jugendlichen soweit vorangebracht\u00a0werden, dass sich sportliche Erfolge einstellen und somit besonders talentierte Spielerlangfristig in der Jugend-Spielgemeinschaft bzw. den Stammvereinen gehalten werden k\u00f6nnen.\u00a0Positiver Nebeneffekt der Kooperation war, dass die sinkenden Mitgliederzahlen infolge des demographischen Wandels sehr fr\u00fchzeitig erkannt und innerhalb der Spielgemeinschaft abgepuffert werden konnten.\u00a0Ein gesicherter Spielbetrieb \u00fcber alle Altersklassen hinweg kann so langfristig garantiert werden.<\/span><\/p>\n<p><span style=\"color: #000000;\">Zur\u00fcckgeblickt auf die beiden abgelaufenen Spielzeiten kann das Ganze als gelungen bewertet und als gro\u00dfer Erfolg eingestuft werden. Die Erwartungen an das neue Gebilde wurden erf\u00fcllt und in der Regel sogar \u00fcbertroffen. Das Zusammenwachsen gelang weitestgehend problem- und reibungslos. Schnell hatte man sich gefunden und ging gemeinsam auf Tore- und Punktejagd, quasi so, als wenn man das schon Jahre so gemacht hat. Gr\u00f6\u00dfter bisheriger Erfolg dieser jungen Erfolgsgeschichte ist der Aufstieg der A-Junioren in die Rheinland-Liga, der h\u00f6chsten Spielklasse im Fu\u00dfballverband Rheinland.<\/span><\/p>\n<p><span style=\"color: #000000;\">Aufbauend auf diesen guten Erfahrungen war es dann ein Leichtes, den n\u00e4chsten Schritt zu gehen und so gr\u00fcndeten die 14 beteiligten Vereine am 18. Juni diesen Jahres den <strong>Jugendf\u00f6rderverein Vulkaneifel<\/strong>.\u00a0Einen eigenst\u00e4ndigen Verein, dem der Gedanke zugrunde liegt, die Fu\u00dfball-Jugendarbeit der beteiligten Sportvereine zu b\u00fcndeln und zu intensivieren.<\/span><\/p>\n<p><span style=\"color: #000000;\">Spieltechnisch wird diese \u00c4nderung erst zur Saison 2016 \/ 2017 greifen. In der n\u00e4chsten Saison treten die Teams noch als Jugendspielgemeinschaft Vulkaneifel an. Die Strukturen des neuen Jugendf\u00f6rdervereins werden gerade im organisatorischen Bereich jedoch schon ab der neuen Saison eingenommen.<\/span><\/p>\n","protected":false},"excerpt":{"rendered":"<p><strong>Aus JSG wird JFV!!!<\/strong><\/p>\n<p><strong>Die Kooperation zwischen Steiningen und Meerfeld<\/strong><\/p>\n<p>Gut zwei Jahreist es her, als die beiden Jugend-Spielgemeinschaften Steiningen  \u2026 <a href=\"http:\/\/sv-niederoefflingen.de\/?page_id=67\">weiterlesen <span class=\"meta-nav\">&rarr; <\/span><\/a><\/p>\n","protected":false},"author":1,"featured_media":277,"parent":58,"menu_order":3,"comment_status":"closed","ping_status":"open","template":"","meta":[],"_links":{"self":[{"href":"http:\/\/sv-niederoefflingen.de\/index.php?rest_route=\/wp\/v2\/pages\/67"}],"collection":[{"href":"http:\/\/sv-niederoefflingen.de\/index.php?rest_route=\/wp\/v2\/pages"}],"about":[{"href":"http:\/\/sv-niederoefflingen.de\/index.php?rest_route=\/wp\/v2\/types\/page"}],"author":[{"embeddable":true,"href":"http:\/\/sv-niederoefflingen.de\/index.php?rest_route=\/wp\/v2\/users\/1"}],"replies":[{"embeddable":true,"href":"http:\/\/sv-niederoefflingen.de\/index.php?rest_route=%2Fwp%2Fv2%2Fcomments&post=67"}],"version-history":[{"count":17,"href":"http:\/\/sv-niederoefflingen.de\/index.php?rest_route=\/wp\/v2\/pages\/67\/revisions"}],"predecessor-version":[{"id":1802,"href":"http:\/\/sv-niederoefflingen.de\/index.php?rest_route=\/wp\/v2\/pages\/67\/revisions\/1802"}],"up":[{"embeddable":true,"href":"http:\/\/sv-niederoefflingen.de\/index.php?rest_route=\/wp\/v2\/pages\/58"}],"wp:featuredmedia":[{"embeddable":true,"href":"http:\/\/sv-niederoefflingen.de\/index.php?rest_route=\/wp\/v2\/media\/277"}],"wp:attachment":[{"href":"http:\/\/sv-niederoefflingen.de\/index.php?rest_route=%2Fwp%2Fv2%2Fmedia&parent=67"}],"curies":[{"name":"wp","href":"https:\/\/api.w.org\/{rel}","templated":true}]}}

<!-- Facebook Like Button v1.9.6 BEGIN [http://blog.bottomlessinc.com] -->
<iframe src="http://www.facebook.com/plugins/like.php?href=http%3A%2F%2Fsv-niederoefflingen.de%2F%3Fpage_id%3D67&amp;layout=button_count&amp;show_faces=false&amp;width=450&amp;action=like&amp;colorscheme=light" scrolling="no" frameborder="0" allowTransparency="true" style="border:none; overflow:hidden; width:450px; height: 30px; align: left; margin: 3px 2px 3px 2px"></iframe>
<!-- Facebook Like Button END -->
<p><strong><span style="text-decoration: underline;"><span style="color: #000000; text-decoration: underline;">Aus JSG wird JFV!!!</span></span></strong></p>
<p><span style="color: #000000;"><strong>Die Kooperation zwischen Steiningen und Meerfeld</strong></span></p>
<p><span style="color: #000000;">Gut zwei Jahreist es her, als die beiden Jugend-Spielgemeinschaften Steiningen und Meerfeld den Entschluss gefaßt haben, zu kooperieren. Ziel war es, damit die Basis für eine langfristige Zusammenarbeit zu schaffen.</span></p>
<p><span style="color: #000000;">So wurde die <strong>JSG Vulkaneifel</strong> gegründet.</span></p>
<p><span style="color: #000000;">Zukunftsorientiert sollte so allen jugendlichen Fußballern der Altersklassen <strong>A- bis D-Junioren </strong>(11 bis 18 Jahre) dauerhaft die Möglichkeit geboten werden, entsprechend ihren Ambitionen, ihrem Talent und ihrer Leistungsbereitschaft, Fußball innerhalb der Infrastruktur der kooperierenden Vereine zu spielen. Damit verbunden war und ist der Gedanke, sowohl erfolgsorientierte Leistungsmannschaften in über-kreislichen Klassen langfristig im Bereich Vulkaneifel zu etablieren, als auch gleichzeitig in weiteren Mannschaften noch entwicklungsfähigen, aber genauso engagierten Jugendlichen, Spiel- und Wettkampfmöglichkeiten zu eröffnen, nach dem Motto:</span></p>
<p><span style="color: #000000;"><strong>Starke Spieler fordern, schwächere Spieler fördern !!!</strong></span></p>
<p><span style="color: #000000;">Durch Schaffung optimaler Trainingsbedingungen sollte die fußballerische, physische und persönliche Entwicklung der Jugendlichen soweit vorangebracht werden, dass sich sportliche Erfolge einstellen und somit besonders talentierte Spielerlangfristig in der Jugend-Spielgemeinschaft bzw. den Stammvereinen gehalten werden können. Positiver Nebeneffekt der Kooperation war, dass die sinkenden Mitgliederzahlen infolge des demographischen Wandels sehr frühzeitig erkannt und innerhalb der Spielgemeinschaft abgepuffert werden konnten. Ein gesicherter Spielbetrieb über alle Altersklassen hinweg kann so langfristig garantiert werden.</span></p>
<p><span style="color: #000000;">Zurückgeblickt auf die beiden abgelaufenen Spielzeiten kann das Ganze als gelungen bewertet und als großer Erfolg eingestuft werden. Die Erwartungen an das neue Gebilde wurden erfüllt und in der Regel sogar übertroffen. Das Zusammenwachsen gelang weitestgehend problem- und reibungslos. Schnell hatte man sich gefunden und ging gemeinsam auf Tore- und Punktejagd, quasi so, als wenn man das schon Jahre so gemacht hat. Größter bisheriger Erfolg dieser jungen Erfolgsgeschichte ist der Aufstieg der A-Junioren in die Rheinland-Liga, der höchsten Spielklasse im Fußballverband Rheinland.</span></p>
<p><span style="color: #000000;">Aufbauend auf diesen guten Erfahrungen war es dann ein Leichtes, den nächsten Schritt zu gehen und so gründeten die 14 beteiligten Vereine am 18. Juni diesen Jahres den <strong>Jugendförderverein Vulkaneifel</strong>. Einen eigenständigen Verein, dem der Gedanke zugrunde liegt, die Fußball-Jugendarbeit der beteiligten Sportvereine zu bündeln und zu intensivieren.</span></p>
<p><span style="color: #000000;">Spieltechnisch wird diese Änderung erst zur Saison 2016 / 2017 greifen. In der nächsten Saison treten die Teams noch als Jugendspielgemeinschaft Vulkaneifel an. Die Strukturen des neuen Jugendfördervereins werden gerade im organisatorischen Bereich jedoch schon ab der neuen Saison eingenommen.</span></p>
