{"id":1018,"date":"2011-02-20T23:06:05","date_gmt":"2011-02-20T22:06:05","guid":{"rendered":"http:\/\/sv-niederoefflingen.de\/?p=1018"},"modified":"2013-06-06T13:16:41","modified_gmt":"2013-06-06T11:16:41","slug":"sensationeller-sieg-vg-pokal-2011","status":"publish","type":"page","link":"http:\/\/sv-niederoefflingen.de\/?page_id=1018","title":{"rendered":"Sensationeller Sieg VG-Pokal 2011"},"content":{"rendered":"\n<!-- Facebook Like Button v1.9.6 BEGIN [http:\/\/blog.bottomlessinc.com] -->\n<iframe src=\"http:\/\/www.facebook.com\/plugins\/like.php?href=http%3A%2F%2Fsv-niederoefflingen.de%2F%3Fpage_id%3D1018&amp;layout=button_count&amp;show_faces=false&amp;width=450&amp;action=like&amp;colorscheme=light\" scrolling=\"no\" frameborder=\"0\" allowTransparency=\"true\" style=\"border:none; overflow:hidden; width:450px; height: 30px; align: left; margin: 3px 2px 3px 2px\"><\/iframe>\n<!-- Facebook Like Button END -->\n<p>AH Nieder\u00f6fflingen gewinnt Endspiel um den Verbandsgemeinde-Pokal 2011 der VG Manderscheid<\/p>\n<p>Im Jahre 2010 hatte die AH-Mannschaft der SV Nieder\u00f6fflingen erstmals das Endspiel um den Verbandsgemeinde-Pokal der VG Manderscheid erreicht. Aufgrund einiger fehlender und verletzter Stammspieler reichte es seinerzeit noch nicht, um der AH Manderscheid beim Endspiel in Meerfeld erfolgreich Paroli bieten zu k\u00f6nnen.<\/p>\n<p>In diesem Jahre unternahm man unter Trainer und Spielf\u00fchrer Klaus Ahnen einen neuen Anlauf. Wie im Vorjahr trafen wir in der Vorrunde am 18.06.11 auf dem Sportfest des SV Vulkan Manderscheid auf unsere Sportfreunde aus Bettenfeld. Nach einem sehr problematischen Beginn in der ersten Halbzeit, konnten wir durch Tore in der zweiten Halbzeit die Partie doch noch deutlich f\u00fcr uns entscheiden. Tore von Udo Thiel (2), Stefan Simonis (2) und Christian Ludwig f\u00fchrten zum Endergebnis von 5:2.<\/p>\n<p>Ebenfalls wie im Vorjahr hatte sich auch dieses Mal die AH Hasborn\/Plein gegen die AH Laufeld durchsetzen k\u00f6nnen, so dass wir im Halbfinale wieder auf unsere Sportfreunde aus Hasborn und Plein trafen. Auf dem Sportfest der DJK Buchholz in Eckfeld trafen wir am 16.07.11 im ersten Halbfinalspiel aufeinander. Auch hier machte sich unsere kurze Spielerdecke bemerkbar. Markus Theisen musste verletzt auflaufen, Tony Engel verletzte sich bereits nach ca. 10 Minuten. Beide mussten jedoch auf die Z\u00e4hne bei\u00dfen da kein gesunder Spieler auf der Auswechselbank sa\u00df, sonder nur noch der ebenfalls verletzte Klaus Ahnen. Trotzdem konnten wir durch Christian Ludwig mit 1:0 in F\u00fchrung gehen. Nach dem Ausgleich durch einen umstrittenen Foul-Elfmeter in der zweiten H\u00e4lfte kam es zum Elfmeter-Schie\u00dfen. Anders, als so oft in der Vergangenheit, konnten wir dieses Mal mit 8:7 die Oberhand gewinnen und standen erneut im Endspiel.<\/p>\n<p>Ebenfalls \u00fcberraschend hatte sich im zweiten Halbfinalspiel die AH Meerfeld\/Deudesfeld gegen die AH Buchholz, ebenfalls im Elfmeter-Schie\u00dfen, durchsetzen k\u00f6nnen.<\/p>\n<p>Auf dem Sportfest der AH Laufeld kam es so am 13.08.11 zur Endspielpaarung AH Nieder\u00f6fflingen \u2013 AH Meerfeld\/Deudesfeld. Dieses Mal standen jedoch wichtige Spieler zur Verf\u00fcgung. Keiner war verletzt. Diese Probleme hatte nun die AH Meerfeld\/Deudesfeld. Einige Spieler fehlten verletzt, andere verletzten sich w\u00e4hrend des Spiels. Nach dem ersten Angriffselan der AH Meerfeld\/Deudesfeld gelang es unserer Mannschaft zusehends an Stabilit\u00e4t zu gewinnen und das Spiel zu kontrollieren. Die Abwehr vor Keeper Uli Repp stand sehr sicher und unser Mittelfeld machte das Spiel.<\/p>\n<p>So kam es wie es kommen musste. Nach zwei herrlich vorgetragenen Angriffen konnte Michael Ahnen in der 52. Minute das 1:0 erzielen. Christian Ludwig erh\u00f6hte in der 56. Minute auf 2:0. Das Spiel war gelaufen.<\/p>\n<p>Die AH Nieder\u00f6fflingen hatte zum ersten Mal den lange begehrten Pokal der Verbandsgemeinde Manderscheid gewonnen. Diesen konnte Spielf\u00fchrer Klaus Ahnen bei der Siegerehrung durch den B\u00fcrgermeister der Verbandsgemeinde Manderscheid, Herrn Wolfgang Schmitz, unter gro\u00dfem Jubel der mitgereisten Anh\u00e4nger entgegen nehmen. Wie zu vernehmen war, wurde das Ereignis anschlie\u00dfend auch geb\u00fchrend gefeiert.<\/p>\n","protected":false},"excerpt":{"rendered":"<p>AH Nieder\u00f6fflingen gewinnt Endspiel um den Verbandsgemeinde-Pokal 2011 der VG Manderscheid<\/p>\n<p>Im Jahre 2010 hatte die AH-Mannschaft der SV Nieder\u00f6fflingen  \u2026 <a href=\"http:\/\/sv-niederoefflingen.de\/?page_id=1018\">weiterlesen <span class=\"meta-nav\">&rarr; <\/span><\/a><\/p>\n","protected":false},"author":3,"featured_media":0,"parent":1166,"menu_order":4,"comment_status":"open","ping_status":"open","template":"template-page-with-intro.php","meta":[],"_links":{"self":[{"href":"http:\/\/sv-niederoefflingen.de\/index.php?rest_route=\/wp\/v2\/pages\/1018"}],"collection":[{"href":"http:\/\/sv-niederoefflingen.de\/index.php?rest_route=\/wp\/v2\/pages"}],"about":[{"href":"http:\/\/sv-niederoefflingen.de\/index.php?rest_route=\/wp\/v2\/types\/page"}],"author":[{"embeddable":true,"href":"http:\/\/sv-niederoefflingen.de\/index.php?rest_route=\/wp\/v2\/users\/3"}],"replies":[{"embeddable":true,"href":"http:\/\/sv-niederoefflingen.de\/index.php?rest_route=%2Fwp%2Fv2%2Fcomments&post=1018"}],"version-history":[{"count":5,"href":"http:\/\/sv-niederoefflingen.de\/index.php?rest_route=\/wp\/v2\/pages\/1018\/revisions"}],"predecessor-version":[{"id":1409,"href":"http:\/\/sv-niederoefflingen.de\/index.php?rest_route=\/wp\/v2\/pages\/1018\/revisions\/1409"}],"up":[{"embeddable":true,"href":"http:\/\/sv-niederoefflingen.de\/index.php?rest_route=\/wp\/v2\/pages\/1166"}],"wp:attachment":[{"href":"http:\/\/sv-niederoefflingen.de\/index.php?rest_route=%2Fwp%2Fv2%2Fmedia&parent=1018"}],"curies":[{"name":"wp","href":"https:\/\/api.w.org\/{rel}","templated":true}]}}

<!-- Facebook Like Button v1.9.6 BEGIN [http://blog.bottomlessinc.com] -->
<iframe src="http://www.facebook.com/plugins/like.php?href=http%3A%2F%2Fsv-niederoefflingen.de%2F%3Fpage_id%3D1018&amp;layout=button_count&amp;show_faces=false&amp;width=450&amp;action=like&amp;colorscheme=light" scrolling="no" frameborder="0" allowTransparency="true" style="border:none; overflow:hidden; width:450px; height: 30px; align: left; margin: 3px 2px 3px 2px"></iframe>
<!-- Facebook Like Button END -->
<p>AH Niederöfflingen gewinnt Endspiel um den Verbandsgemeinde-Pokal 2011 der VG Manderscheid</p>
<p>Im Jahre 2010 hatte die AH-Mannschaft der SV Niederöfflingen erstmals das Endspiel um den Verbandsgemeinde-Pokal der VG Manderscheid erreicht. Aufgrund einiger fehlender und verletzter Stammspieler reichte es seinerzeit noch nicht, um der AH Manderscheid beim Endspiel in Meerfeld erfolgreich Paroli bieten zu können.</p>
<p>In diesem Jahre unternahm man unter Trainer und Spielführer Klaus Ahnen einen neuen Anlauf. Wie im Vorjahr trafen wir in der Vorrunde am 18.06.11 auf dem Sportfest des SV Vulkan Manderscheid auf unsere Sportfreunde aus Bettenfeld. Nach einem sehr problematischen Beginn in der ersten Halbzeit, konnten wir durch Tore in der zweiten Halbzeit die Partie doch noch deutlich für uns entscheiden. Tore von Udo Thiel (2), Stefan Simonis (2) und Christian Ludwig führten zum Endergebnis von 5:2.</p>
<p>Ebenfalls wie im Vorjahr hatte sich auch dieses Mal die AH Hasborn/Plein gegen die AH Laufeld durchsetzen können, so dass wir im Halbfinale wieder auf unsere Sportfreunde aus Hasborn und Plein trafen. Auf dem Sportfest der DJK Buchholz in Eckfeld trafen wir am 16.07.11 im ersten Halbfinalspiel aufeinander. Auch hier machte sich unsere kurze Spielerdecke bemerkbar. Markus Theisen musste verletzt auflaufen, Tony Engel verletzte sich bereits nach ca. 10 Minuten. Beide mussten jedoch auf die Zähne beißen da kein gesunder Spieler auf der Auswechselbank saß, sonder nur noch der ebenfalls verletzte Klaus Ahnen. Trotzdem konnten wir durch Christian Ludwig mit 1:0 in Führung gehen. Nach dem Ausgleich durch einen umstrittenen Foul-Elfmeter in der zweiten Hälfte kam es zum Elfmeter-Schießen. Anders, als so oft in der Vergangenheit, konnten wir dieses Mal mit 8:7 die Oberhand gewinnen und standen erneut im Endspiel.</p>
<p>Ebenfalls überraschend hatte sich im zweiten Halbfinalspiel die AH Meerfeld/Deudesfeld gegen die AH Buchholz, ebenfalls im Elfmeter-Schießen, durchsetzen können.</p>
<p>Auf dem Sportfest der AH Laufeld kam es so am 13.08.11 zur Endspielpaarung AH Niederöfflingen – AH Meerfeld/Deudesfeld. Dieses Mal standen jedoch wichtige Spieler zur Verfügung. Keiner war verletzt. Diese Probleme hatte nun die AH Meerfeld/Deudesfeld. Einige Spieler fehlten verletzt, andere verletzten sich während des Spiels. Nach dem ersten Angriffselan der AH Meerfeld/Deudesfeld gelang es unserer Mannschaft zusehends an Stabilität zu gewinnen und das Spiel zu kontrollieren. Die Abwehr vor Keeper Uli Repp stand sehr sicher und unser Mittelfeld machte das Spiel.</p>
<p>So kam es wie es kommen musste. Nach zwei herrlich vorgetragenen Angriffen konnte Michael Ahnen in der 52. Minute das 1:0 erzielen. Christian Ludwig erhöhte in der 56. Minute auf 2:0. Das Spiel war gelaufen.</p>
<p>Die AH Niederöfflingen hatte zum ersten Mal den lange begehrten Pokal der Verbandsgemeinde Manderscheid gewonnen. Diesen konnte Spielführer Klaus Ahnen bei der Siegerehrung durch den Bürgermeister der Verbandsgemeinde Manderscheid, Herrn Wolfgang Schmitz, unter großem Jubel der mitgereisten Anhänger entgegen nehmen. Wie zu vernehmen war, wurde das Ereignis anschließend auch gebührend gefeiert.</p>

<p>AH Niederöfflingen gewinnt Endspiel um den Verbandsgemeinde-Pokal 2011 der VG Manderscheid</p>
<p>Im Jahre 2010 hatte die AH-Mannschaft der SV Niederöfflingen  … <a href="http://sv-niederoefflingen.de/?page_id=1018">weiterlesen <span class="meta-nav">&rarr; </span></a></p>
